 y**3 + 15*y**2 + y + 18. Give o(-15).
3
Let c(j) = -j**3 + 11*j**2 - 9*j + 6. Give c(10).
16
Let g(a) = 2*a**2 + 40*a - 50. Determine g(-21).
-8
Let i(y) = -y**3 - 13*y**2 - 24*y - 27. What is i(-11)?
-5
Let c(w) = w**3 - w**2 - 10*w + 6. What is c(4)?
14
Let h(r) = r**2 + 25*r - 59. Calculate h(-27).
-5
Let i(u) = u**2 + 18*u - 9. Give i(-19).
10
Let k(s) = s**2 + 12*s + 12. Calculate k(-13).
25
Let l(f) = f - 9. Calculate l(4).
-5
Let r(j) = -j**2 - 11*j - 44. Give r(-6).
-14
Let d(q) = -8*q**2 - 49*q + 7. What is d(-7)?
-42
Let q(f) = f**2 - 3. What is q(2)?
1
Let x(s) = -3*s + 54. Give x(5).
39
Let w(m) = m**3 + 5*m**2 - 5*m + 10. Determine w(-6).
4
Let x(s) = -s**3 - 10*s**2 + s + 17. Calculate x(-10).
7
Let a(w) = 4*w + 3. Determine a(1).
7
Let l(j) = -j**3 + 6*j**2 - 7*j + 2. Calculate l(5).
-8
Let a(c) = c**3 - 11*c**2 + 17*c - 7. Give a(9).
-16
Let w(k) = 10*k**3 + 2*k + 3. Determine w(-2).
-81
Let q(d) = -3*d + 14. Give q(3).
5
Let o(l) = -l**2 + 27*l - 73. What is o(27)?
-73
Let y(v) = v**3 + 18*v**2 + 11*v - 4. What is y(-17)?
98
Let y(v) = 2*v**2 - 20*v + 6. Determine y(8).
-26
Let c(y) = -y - 20. Give c(-17).
-3
Let f(b) = b**2 - 9*b - 12. Calculate f(11).
10
Let a(m) = -m**2 + m - 13. Calculate a(0).
-13
Let z(n) = -2*n**3 - 4*n**2 + n + 8. Calculate z(-2).
6
Let m(h) = 3*h**2 + 5*h + 3. Calculate m(-6).
81
Let s(w) = 3*w**2 + 52*w - 1. What is s(-18)?
35
Let n(u) = u**2 + 21*u + 88. What is n(-15)?
-2
Let t(m) = -m + 3. Calculate t(-10).
13
Let l(b) = b + 1. Calculate l(3).
4
Let t(q) = q**3 - 11*q**2 + 30*q - 9. Give t(7).
5
Let v(b) = -b**3 - 9*b**2 - 2*b - 19. Calculate v(-9).
-1
Let n(p) = 3*p - 16. Give n(4).
-4
Let a(f) = 4*f + 111. Determine a(-22).
23
Let r(v) = 7*v - 137. Give r(23).
24
Let s(p) = -6*p + 7. Determine s(7).
-35
Let y(q) = q**3 - 10*q**2 - 3*q + 24. Give y(10).
-6
Let c(n) = 32*n + 498. Give c(-16).
-14
Let p(m) = 2*m**3 - 22*m**2 + 12*m + 88. Determine p(10).
8
Let o(x) = x**3 + 15*x**2 - 16*x - 22. What is o(-16)?
-22
Let m(i) = -2*i + 9. Calculate m(5).
-1
Let g(f) = 14*f + 11. What is g(5)?
81
Let b(i) = -2*i**2 + 3*i - 1. Determine b(8).
-105
Let n(g) = -g**2 - 4*g - 10. Determine n(-4).
-10
Let a(c) = -4*c**2. What is a(-1)?
-4
Let b(u) = 5*u**3 - u - 1. Determine b(-1).
-5
Let n(q) = -q**3 + 5*q**2 - 5*q - 4. What is n(5)?
-29
Let u(f) = 2*f**2 - 28*f - 95. Give u(-3).
7
Let x(p) = -2*p**3 + 86*p**2 - 84*p + 5. Calculate x(42).
5
Let y(c) = -7*c + 14. What is y(10)?
-56
Let x(p) = -2*p**3 - p**2 - 9*p - 5. Calculate x(-3).
67
Let z(y) = -3*y + 7. What is z(-12)?
43
Let b(s) = 5*s - 37. Give b(7).
-2
Let y(a) = -a**2 + 7*a - 6. Calculate y(4).
6
Let o(q) = q**2 - 7*q - 4. Calculate o(7).
-4
Let p(v) = -9*v - 162. Calculate p(-17).
-9
Let s(u) = -2*u - 26. What is s(-5)?
-16
Let i(d) = d - 13. Determine i(20).
7
Let y(w) = w**3 - 7*w**2 - 8*w + 16. What is y(7)?
-40
Let j(d) = 4*d - 1. What is j(-13)?
-53
Let r(q) = -q**2 - 20*q - 37. Determine r(-9).
62
Let x(a) = a**2 - 11*a. Determine x(10).
-10
Let i(a) = 39*a + 345. Give i(-9).
-6
Let s(o) = -o**3 + 20*o**2 - o - 24. Calculate s(20).
-44
Let o(d) = -36*d + 7. Determine o(-2).
79
Let w(o) = -10*o + 56. Determine w(6).
-4
Let w(i) = -4*i - 17. Determine w(-13).
35
Let d(w) = -62*w + 14. Give d(-2).
138
Let q(h) = h**2 + 18*h - 21. What is q(-19)?
-2
Let r(l) = -l**2 - 7*l + 9. Give r(-9).
-9
Let p(z) = -z**3 - 2*z**2 - 4*z - 47. What is p(-4)?
1
Let q(d) = -d**2 - 14*d - 10. Determine q(-10).
30
Let c(x) = x**3 - 15*x**2 - 1. Determine c(15).
-1
Let r(g) = g**3 + 11*g**2 + 13*g - 8. Calculate r(-10).
-38
Let u(r) = -2*r**2 + r - 1. Calculate u(3).
-16
Let n(m) = 48*m - 202. Calculate n(4).
-10
Let t(o) = 17*o - 1138. Calculate t(67).
1
Let m(k) = 7*k**2 - 51*k - 5. What is m(7)?
-19
Let i(f) = -f**2 - 15*f - 35. Calculate i(-12).
1
Let r(c) = c**3 + 18*c**2 - 22*c + 38. Calculate r(-19).
95
Let n(u) = -16*u + 172. Calculate n(10).
12
Let j(o) = -2*o**2 + 15*o + 27. Calculate j(10).
-23
Let x(o) = o**3 + 10*o**2 + 8*o + 7. Calculate x(-9).
16
Let v(h) = -h**3 + 15*h**2 + 74*h + 24. Calculate v(19).
-14
Let b(y) = -4*y**2 - 1. Calculate b(2).
-17
Let i(t) = t**3 - 69*t**2 + 134*t - 5. Calculate i(67).
-5
Let o(i) = -i**2 - 2*i + 2. Calculate o(-4).
-6
Let s(l) = -3*l + 11. Determine s(5).
-4
Let g(p) = 23*p + 1. What is g(0)?
1
Let z(a) = a**3 - 18*a**2 + 18*a + 1. What is z(17)?
18
Let b(w) = w**3 - 5*w**2 - 22*w - 11. Calculate b(8).
5
Let c(t) = 9*t**2 + 2*t - 3. Give c(-3).
72
Let s(v) = 19*v + 9. Determine s(-3).
-48
Let d(w) = w**3 + 6*w**2 - 9*w + 4. Give d(-7).
18
Let g(r) = -14*r - 51. Calculate g(-4).
5
Let h(v) = -v**3 - 6*v**2 + 40*v + 216. Determine h(-7).
-15
Let x(q) = 32*q. What is x(1)?
32
Let y(u) = 2*u**2 + 7*u + 8. Give y(-5).
23
Let b(w) = -w**3 + 6*w**2 + 6*w - 3. Give b(7).
-10
Let b(g) = g**2 - 20*g + 13. Determine b(19).
-6
Let k(w) = -4*w - 3. Determine k(-8).
29
Let k(a) = 2*a**2 - 43*a + 223. Give k(11).
-8
Let i(w) = -w**2 + 9*w + 1. Give i(8).
9
Let k(h) = h - 30. Calculate k(11).
-19
Let m(y) = y**3 - 4*y**2 + 4. What is m(0)?
4
Let w(f) = 2*f + 40. Give w(0).
40
Let a(k) = -k**2 + 9*k - 13. Calculate a(4).
7
Let d(i) = -i - 2. Determine d(-9).
7
Let b(y) = y**2 - 10*y + 6. What is b(7)?
-15
Let w(i) = -i**2 + 23*i - 6. Determine w(23).
-6
Let t(h) = -2*h**3 - 25*h**2 + 14*h + 16. Calculate t(-13).
3
Let k(u) = u**2 + 5*u + 22. What is k(-4)?
18
Let f(n) = 8*n**3 + 9*n + 9. What is f(-1)?
-8
Let f(y) = 19*y - 23. Determine f(5).
72
Let h(j) = j**3 + 8*j**2 + 11*j + 85. Give h(-8).
-3
Let m(k) = -2*k**2 - 14*k + 2. Calculate m(-8).
-14
Let n(d) = d**3 - 5*d**2 + 3*d - 15. Determine n(5).
0
Let j(d) = -d**3 + 2*d**2 - d + 2. Give j(2).
0
Let u(q) = q - 9. Determine u(-14).
-23
Let q(s) = s - 21. Give q(13).
-8
Let w(c) = 37*c - 8. What is w(2)?
66
Let g(s) = s**2 - 9*s + 33. Determine g(10).
43
Let r(x) = x - 7. Determine r(13).
6
Let k(u) = u**2 + 2*u - 3. Give k(1).
0
Let f(k) = k**3 - 14*k**2 + 23*k + 22. Give f(12).
10
Let j(d) = 13*d - 31. Give j(3).
8
Let f(d) = -d**3 + 6*d**2 - 5*d + 8. Determine f(6).
-22
Let c(s) = 3*s + 40. What is c(-12)?
4
Let r(g) = g**3 + 12*g**2 - 36*g - 434. What is r(-12)?
-2
Let c(t) = -t - 1. Calculate c(8).
-9
Let h(u) = u**2 - u - 12. Give h(9).
60
Let y(g) = -g**2 - 8*g - 13. Calculate y(-7).
-6
Let g(f) = -20*f**2 - 7*f - 11. Determine g(-2).
-77
Let j(w) = 19*w**2 - 17*w + 16. Determine j(1).
18
Let s(m) = -28*m + 3. What is s(-3)?
87
Let x(w) = -6*w - 16. Give x(-3).
2
Let w(d) = d**3 - 3*d**2 - 2*d + 3. What is w(3)?
-3
Let v(t) = t**2 + 9*t - 4. Calculate v(-8).
-12
Let a(x) = -x**3 + 5*x**2 - 5*x + 5. Calculate a(3).
8
Let b(y) = -y - 45. What is b(-25)?
-20
Let q(j) = -4*j**2 + 31*j + 2. What is q(8)?
-6
Let n(v) = -v**3 - 9*v**2 + 10*v + 10. Give n(-10).
10
Let y(j) = j**3 - 8*j**2 + 22*j + 10. Determine y(6).
70
Let c(r) = 20*r**3 + 4*r**2 - 2. Give c(-2).
-146
Let g(k) = k - 23. What is g(19)?
-4
Let j(g) = -g**2 + 22*g - 84. Give j(12).
36
Let c(x) = -x**2 + 12*x - 36. Calculate c(9).
-9
Let l(s) = 9*s - 56. Calculate l(16).
88
Let k(l) = l**2 + 16*l + 76. Calculate k(-5).
21
Let z(i) = 4*i - 7. Calculate z(3).
5
Let h(v) = -25*v + 274. Give h(12).
-26
Let x(f) = f**2 + 2*f - 11. What is x(-10)?
69
Let u(h) = -9*h - 64. Calculate u(-7).
-1
Let n(m) = -m + 38. Give n(19).
19
Let w(f) = 3*f - 19. Calculate w(7).
2
Let s(b) = b**3 - b**2 - 3*b - 10. What is s(4)?
26
Let v(p) = -2*p**3 - 9*p**2 - 2*p + 2. Determine v(-5).
37
Let d(n) = -n**3 + 26*n**2 - 19*n - 163. What is d(25)?
-13
Let s(y) = -15*y + 63. Determine s(5).
-12
Let z(u) = -u**2 + 10. What is z(-9)?
-71
Let k(q) = -4*q**2 + 2*q + 13. What is k(-3)?
-29
Let v(t) = t**3 - 4*t**2 - 10*t - 7. What is v(6)?
5
Let n(i) = i**2 + 2*i - 27. Determine n(-9).
36
Let v(u) = 9*u + 2. Determine v(2).
20
Let s(k) = k**3 + k**2 - 8. Determine s(0).
-8
Let z(o) = 5*o + 121. Calculate z(-27).
-14
Let l(q) = -7*q + 45. Give l(7).
-4
Let c(d) = d**3 - d**2 + 2*d - 7. Calculate c(0).
-7
Let j(f) = -37*f + 232. Calculate j(6).
10
Let b(w) = -w**2 + 18*w - 49. Determine b(14).
7
Let j(s) = s**3 - 4*s**2 - 13. Determine j(5).
12
Let i(u) = -u**3 + 10*u**2 - 20*u + 7. Determine i(7).
14
Let a(c) = c**2 - 20*c - 21. Determine a(19